ate k(-8).
4
Let s(o) = -3583*o - 100343. Give s(-28).
-19
Let t(y) = -2*y**2 + 5181*y - 72177. Determine t(14).
-35
Let y(z) = -12*z**2 + 4444*z - 13245. What is y(3)?
-21
Let t(j) = 26061*j - 25872. Determine t(1).
189
Let d(c) = -c**2 - 70*c - 22. What is d(11)?
-913
Let h(b) = 15383*b + 276902. What is h(-18)?
8
Let t(p) = 14890*p + 75527. Calculate t(-5).
1077
Let i(h) = -28936*h + 16. What is i(0)?
16
Let y(x) = -x**3 + 577*x**2 - 63492*x + 10. Calculate y(148).
10
Let h(y) = 3*y**2 + 569*y + 8212. Calculate h(-15).
352
Let o(b) = 12*b**2 - 68*b + 470. Determine o(10).
990
Let q(w) = 527*w - 8376. Calculate q(16).
56
Let d(n) = n**3 + 30*n**2 + 273*n + 297. Calculate d(-21).
-1467
Let d(z) = 1562*z + 25046. Calculate d(-15).
1616
Let l(z) = -450*z + 21210. Give l(47).
60
Let u(i) = 35*i**2 - 2077*i + 735. What is u(59)?
27
Let o(r) = 2*r**3 + 349*r**2 + 14666*r + 290. What is o(-104)?
82
Let t(l) = -l**3 - 206*l**2 - 9070*l + 2227. Calculate t(-142).
-329
Let x(y) = -7*y**2 - 1742*y + 26022. Calculate x(-263).
-15
Let x(i) = -i**3 - 45*i**2 - 184*i + 4929. What is x(8)?
65
Let y(w) = -152130*w**2 + 1369167*w - 1. Determine y(9).
-28
Let z(f) = -32*f**3 + 119*f**2 + 24*f - 29. Determine z(4).
-77
Let m(s) = 2602*s + 275798. Calculate m(-106).
-14
Let n(y) = -y**2 - 270356*y - 2162806. Calculate n(-8).
-22
Let v(h) = 5*h**2 - 1079*h + 15693. Give v(15).
633
Let g(l) = 5064*l - 86040. Determine g(17).
48
Let u(v) = -5*v**3 - 59*v**2 + 93*v + 1387. What is u(-11)?
-120
Let o(m) = 2*m**3 - 256*m**2 + 7599*m + 707. What is o(47)?
2
Let g(t) = 16149*t - 113052. Determine g(7).
-9
Let v(k) = -451*k + 19896. Determine v(49).
-2203
Let p(j) = 2*j**2 + 13010*j - 392107. What is p(30)?
-7
Let w(k) = k**2 - 147*k - 529. What is w(109)?
-4671
Let h(s) = -s**3 - 11*s**2 - 208*s - 2126. Calculate h(-10).
-146
Let u(n) = -10*n**2 + 2138*n + 4733. What is u(216)?
-19
Let z(x) = -19422*x + 1612026. What is z(83)?
0
Let v(z) = z**2 + 1280*z + 25251. Calculate v(-20).
51
Let t(z) = z**2 + 167301*z - 2007741. Calculate t(12).
15
Let c(j) = -7292*j - 386532. Give c(-53).
-56
Let y(g) = 26*g**2 + 1728*g + 6921. What is y(-4)?
425
Let d(t) = 13*t - 3399. Give d(253).
-110
Let o(w) = -3*w**2 - 95*w + 71. Calculate o(-20).
771
Let k(d) = 5*d**3 + 137*d**2 - 503*d - 7850. Calculate k(-29).
9
Let g(v) = -304*v**2 - 1268*v - 29. Calculate g(-4).
179
Let l(z) = -7*z**2 - 267*z - 1934. What is l(-28)?
54
Let w(y) = 51*y**2 - 422*y - 3. Determine w(8).
-115
Let c(r) = -2*r**2 + 393*r + 6271. Determine c(-20).
-2389
Let d(k) = -2406*k - 300765. Give d(-125).
-15
Let b(y) = -y**2 - 4361*y - 82504. Calculate b(-19).
-6
Let c(f) = -105*f + 15027. What is c(143)?
12
Let u(t) = 28*t**2 - 3252*t - 43054. Give u(-12).
2
Let m(u) = -2*u**2 + 384*u - 7805. Give m(169).
-31
Let k(w) = -32*w**2 + 1635*w + 3273. Determine k(53).
40
Let j(o) = o**3 - 65*o**2 + 17484*o - 102779. Give j(6).
1
Let a(s) = -2*s**3 + 1433*s**2 + 19528*s + 132859. Determine a(730).
-1
Let k(z) = 8676*z - 3791410. Give k(437).
2
Let n(o) = 2*o**3 + 91*o**2 + 399*o + 1170. What is n(-41)?
-60
Let z(o) = 36*o**3 + 17*o**2 + 6*o - 159. Give z(-3).
-996
Let m(b) = -b**3 - 20*b**2 - 674*b - 2993. Determine m(-5).
2
Let l(d) = -7267*d + 116256. Calculate l(16).
-16
Let v(q) = q**3 + 34*q**2 + 56*q + 2204. Calculate v(-34).
300
Let y(k) = -12*k**3 + 130*k**2 + 13*k + 103. Give y(11).
4
Let y(p) = 17*p**2 - 52127*p + 52126. Give y(1).
16
Let m(j) = -j**3 - 34*j**2 + 245*j + 253. What is m(-40)?
53
Let o(t) = -596*t - 35111. Give o(-59).
53
Let u(q) = 985*q + 14770. Determine u(-15).
-5
Let o(s) = 256*s - 177733. What is o(693)?
-325
Let m(i) = -297*i + 1038. What is m(2)?
444
Let h(k) = 14*k - 142. What is h(-8)?
-254
Let z(h) = -58025*h**2 - 696297*h + 10. Give z(-12).
-26
Let q(h) = -h**3 + 88*h**2 - 776*h - 2552. Give q(13).
35
Let z(y) = 14391*y + 99762. Give z(-7).
-975
Let s(t) = t**3 + 480*t**2 - 1911*t - 1370421. Determine s(-478).
5
Let u(i) = i**3 + 86*i**2 + 444*i - 760. Calculate u(-81).
-3919
Let k(u) = u**2 + 590*u - 13911. Determine k(23).
188
Let v(a) = 449*a - 967. Calculate v(3).
380
Let n(f) = -73*f**3 + 17739*f**2 + 4*f - 992. Give n(243).
-20
Let h(y) = -y**3 + 6*y**2 + 398*y - 2742. What is h(7)?
-5
Let z(m) = -9*m**3 - 251*m**2 - 1164*m + 77. Determine z(-22).
33
Let v(y) = 4*y**3 + 9047*y**2 + 99034*y + 16. Give v(-11).
5
Let y(s) = 2*s**3 + 210*s**2 - 226*s - 1460. What is y(-106)?
24
Let s(f) = 101*f**3 + 4034*f**2 - 264*f - 963. Determine s(-40).
-3
Let i(p) = -5630*p + 3620058. Give i(643).
-32
Let y(u) = -25*u**2 + 471*u + 62. Determine y(19).
-14
Let s(z) = 22106*z + 199099. Determine s(-9).
145
Let p(x) = -x**3 + 69*x**2 + 21*x + 132. Calculate p(69).
1581
Let t(k) = -822*k + 637866. What is t(776)?
-6
Let b(k) = -34*k**2 - 108*k + 15766. Determine b(20).
6
Let x(n) = 1821*n - 149330. Determine x(82).
-8
Let k(l) = 3*l**3 + 4*l**2 + 610*l + 1821. Give k(-3).
-54
Let k(f) = 3*f**3 + 444*f**2 + 2561*f - 194. Calculate k(-142).
-904
Let w(b) = 472*b + 43506. Determine w(-92).
82
Let a(w) = -2*w**2 + 79429*w + 476642. What is a(-6)?
-4
Let p(s) = 39772*s - 1710194. Determine p(43).
2
Let x(l) = l**3 - 16*l**2 + 3213*l - 58507. Give x(18).
-25
Let t(n) = -3309*n + 23205. Calculate t(7).
42
Let n(l) = l**2 - 26129*l - 444493. Determine n(-17).
-11
Let q(o) = o**3 - 52*o**2 + 2113*o - 105186. Give q(51).
-24
Let a(o) = 1944*o + 108967. What is a(-56)?
103
Let o(l) = 26391*l + 6149104. Determine o(-233).
1
Let f(j) = 1899*j - 53315. Determine f(28).
-143
Let g(k) = k**2 + 13862*k + 855598. What is g(-62)?
-2
Let l(g) = 103460*g + 3621108. What is l(-35)?
8
Let m(b) = 1578*b**2 - 907351*b + 586. Determine m(575).
11
Let p(i) = 3*i**2 - 81*i - 39. Calculate p(29).
135
Let w(v) = -v**2 - 303*v - 7860. Calculate w(-29).
86
Let r(p) = 1942*p - 743771. Determine r(383).
15
Let z(p) = p**2 - 5410*p + 97052. Give z(18).
-4
Let w(y) = y**2 + 2532*y + 87354. Calculate w(-35).
-41
Let c(q) = 42883*q + 343165. Calculate c(-8).
101
Let v(m) = 49663*m + 496641. Calculate v(-10).
11
Let d(t) = t**3 - 147*t**2 - 4106*t - 34. Determine d(-24).
14
Let r(h) = -h**3 - 82*h**2 - 1536*h + 139. Determine r(-29).
110
Let a(c) = -5*c**3 + 95*c**2 + 101*c - 3. Calculate a(20).
17
Let o(t) = 332*t - 8112. Determine o(27).
852
Let b(l) = 6*l**3 + 2026*l**2 - 674*l + 655. What is b(-338)?
-21
Let a(s) = 2*s**2 + 2901*s + 1051780. What is a(-735)?
-5
Let t(m) = -2624*m + 2638. Give t(1).
14
Let c(m) = -3*m**2 + 3743*m + 130632. Determine c(-34).
-98
Let w(y) = -3436*y + 113400. Determine w(33).
12
Let r(g) = 2*g**3 - 7*g**2 - 1971*g + 5938. Give r(3).
16
Let z(a) = 277*a + 2323. Calculate z(-5).
938
Let d(x) = -10123*x + 30360. What is d(3)?
-9
Let k(s) = 1383*s - 698444. Calculate k(505).
-29
Let y(f) = -1016*f + 50788. Give y(50).
-12
Let v(z) = -7407*z + 36780. Give v(5).
-255
Let a(b) = -2*b**2 + 192*b + 6357. Calculate a(-26).
13
Let q(o) = -187*o + 143. Calculate q(11).
-1914
Let j(q) = 262*q**2 - 1704*q - 958. Give j(7).
-48
Let c(x) = -x**3 + 16*x**2 + 84*x + 65. What is c(20)?
145
Let l(x) = -10631*x + 5985331. Calculate l(563).
78
Let b(v) = 2*v**2 - 253*v + 2378. What is b(114)?
-472
Let f(t) = 24*t**2 - 520*t + 2176. What is f(16)?
0
Let f(y) = y**3 + 112*y**2 + 174*y - 5785. Calculate f(-110).
-725
Let i(t) = -3*t**3 + 17*t**2 + 22*t - 109. Calculate i(9).
-721
Let x(t) = -7*t**2 - 233*t - 123. Calculate x(-27).
1065
Let h(u) = -9585*u - 153234. Determine h(-16).
126
Let n(x) = x**2 - 238053*x + 2618508. Give n(11).
46
Let n(p) = -9993*p - 3877293. Calculate n(-388).
-9
Let u(j) = -23*j**2 - 1041*j - 5570. Give u(-39).
46
Let z(h) = 261*h**2 - 40713*h - 500. What is z(156)?
-32
Let g(k) = -k**3 + 26*k**2 + 367*k - 9967. Give g(24).
-7
Let k(x) = 17*x**3 + 24*x**2 + 33*x - 124. Calculate k(4).
1480
Let t(p) = 40*p**3 - 76*p**2 - 1182*p + 2368. Give t(2).
20
Let k(a) = a**3 - 171*a**2 + 806*a - 50748. Calculate k(168).
-12
Let b(p) = 7480*p + 22176. Determine b(-3).
-264
Let d(w) = w**3 - 23*w**2 + 1908*w - 37045. What is d(20)?
-85
Let i(b) = -55*b**3 - 57*b**2 + 87*b - 23. Determine i(1).
-48
Let y(p) = -3*p**2 + 922*p - 13186. Determine y(15).
-31
Let s(t) = -t**3 + 226*t**2 + 935*t - 3345. Give s(230).
